4*l = -3*l - 5. Suppose 0 = -2*o + 4*d + 22, -l*d = -0 + 5. What is the greatest common divisor of w and o?
9
Let b(g) = 2*g**2 - g. Let o be b(1). Let v(s) = 19*s**2 + s. Let p be v(o). Calculate the greatest common factor of 4 and p.
4
Suppose -14 + 7 = p. Let v = 20 + p. Suppose -2*q + 2*c + 103 = -99, 2*q + 2*c = 214. Calculate the greatest common divisor of q and v.
13
Let b(l) = 1 + 61*l + 12*l**3 - l**2 - 61*l. Let k be b(1). What is the highest common factor of k and 84?
12
Let g = 56 - 38. What is the greatest common divisor of g and 45?
9
Suppose 2 = 2*p, 19 = 3*j + 2*p + 50. Let m = j + 30. What is the highest common factor of 57 and m?
19
Let p(n) = 6 + n**2 + 0 - 3 + 1 + 5*n. Let z be p(8). What is the highest common factor of 12 and z?
12
Let t(m) = -m + 4. Let i be t(-3). Suppose -2*h = -i*h + 360. Calculate the greatest common divisor of h and 9.
9
Let o be -3*(-4)/(-20)*-20. What is the highest common factor of o and 132?
12
Let a(y) = 2*y - 11. Let w be a(10). Calculate the highest common factor of w and 3.
3
Let g = -3 + 3. Suppose 3*a = -a - 2*y + 224, 2*a - y - 108 = g. What is the greatest common factor of a and 5?
5
Suppose 2*x = -x + 81. Let p be (-24)/((12/x)/(-2)). Let t(b) = -b + 7. Let q be t(-5). What is the highest common factor of p and q?
12
Suppose a = -5*m + 9, -4*a = -4*m - 77 + 17. What is the highest common divisor of a and 2?
2
Let b(n) = -5*n**2 - 6*n + 4*n**3 - 5*n**3 + 2 + n. Let a be b(-4). What is the greatest common divisor of 1 and a?
1
Let h be -1 + 0 + 2 + 43. Suppose 4*l - 4 = h. Suppose -4*u + 234 = -102. What is the greatest common divisor of l and u?
12
Suppose 2*w = -0*w + 58. Suppose 3*q - w - 28 = 0. What is the greatest common divisor of q and 19?
19
Let d be 3/(-4 + (-78)/(-18)). What is the greatest common factor of 153 and d?
9
Let j(q) = q**2 - 10*q - 2. Let c be j(11). Calculate the greatest common factor of 63 and c.
9
Let k be (-2)/(2 - -2) + 926/4. Calculate the greatest common divisor of k and 33.
33
Let d = 13 + 26. Suppose 5*s = d + 26. What is the highest common factor of 143 and s?
13
Let f = -152 - -157. Calculate the highest common factor of 125 and f.
5
Let b be 1/2 - 161/(-2). Let l(a) = a**2 - 6*a - 4. Let w be l(7). Suppose 17 + 10 = w*r. Calculate the highest common divisor of b and r.
9
Let j = 2 - -2. Suppose 0 = -j*v - 1 + 21. Suppose x = f - 4*x, 96 = v*f - x. What is the highest common divisor of f and 4?
4
Let i(r) = 19*r - 2. Let p be i(1). Let w(t) = -t + 4 + 7*t + 0*t. Let n be w(5). Calculate the highest common factor of p and n.
17
Suppose 4*n = 3*k + 895, 5*n - 4*k + 0*k - 1120 = 0. Suppose -2*c = a - 4*c - 18, -2*a + 44 = 4*c. What is the highest common factor of a and n?
20
Let b(o) = 3*o - 2. Let x be b(3). Let t(y) = -2*y + 38. Let j be t(-9). Calculate the highest common factor of j and x.
7
Suppose 3*c + 5*f = 3*f + 279, 4*c + 2*f = 372. Suppose -4*d + c = -7. Let l(a) = -a + 10. Let v be l(0). What is the greatest common factor of v and d?
5
Suppose 5*r - 8 = 3*r. Suppose 29 = r*t - 7. Calculate the highest common divisor of 27 and t.
9
Let j(p) = -12*p - 22. Let g be j(-4). Suppose 2*d + 122 = 5*d - y, -205 = -5*d + 2*y. What is the highest common factor of d and g?
13
Let c be 4/((-6)/15*-5). Calculate the greatest common divisor of 5 and c.
1
Let k be (-111)/(-15) + 6/10. What is the highest common divisor of 56 and k?
8
Suppose -r - u = -13, -3*r - 3*u = -4*u - 35. Calculate the greatest common factor of 18 and r.
6
Let w = 7 - 3. Let q be ((-18)/w)/(5/(-10)). Suppose 3 - 30 = -3*x. Calculate the greatest common factor of x and q.
9
Suppose -4*q + 8*w - 4*w = -340, 0 = -w - 1. What is the highest common divisor of q and 210?
42
Let j(w) = -w**3 - 10*w**2 - 2*w - 8. Let s be j(-10). Calculate the highest common factor of 132 and s.
12
Suppose 0 = k, -a + 4 = -0*a - 4*k. Let f = 0 - -16. What is the greatest common divisor of a and f?
4
Let x be 1/(9/(-6))*6. Let n be (4 - (x + 3))*5. What is the highest common factor of 25 and n?
25
Suppose -4*y = 2*x - 24, -2 = 5*y - 4*x - 19. Suppose 0 = -3*f - y*w + 20, 2 + 7 = 2*f - w. Let u = 13 - 8. What is the highest common divisor of f and u?
5
Let o(q) = 15*q**3 + q**2 - q. Let c = 4 - 3. Let u be o(c). Let z be -1*(1 + 0) + 136. Calculate the highest common factor of z and u.
15
Let m(b) = 2*b - 2. Let h be m(1). Suppose 5*c - 173 - 127 = 5*g, h = 2*c + 4*g - 144. Calculate the highest common factor of c and 8.
8
Let j = 14 + -10. Suppose 4*u + 4 = 8. What is the highest common divisor of u and j?
1
Let l(r) = r**2 - 2*r - 3. Let w be l(5). Calculate the greatest common factor of 18 and w.
6
Let y(g) = 162*g + 26. Let c be y(2). What is the greatest common factor of 14 and c?
14
Let i(k) = k**2 + 9. Let r(b) = -b + 9. Let y be r(9). Let f be i(y). Calculate the highest common divisor of 18 and f.
9
Let i be -1 - ((-1)/1 - 9). Suppose -r + 15 = 4*r. Suppose -r*d = -5*m - 37, -m = 4*d - d - 25. Calculate the highest common divisor of i and d.
9
Let q(n) = -n**2 - 8*n - 7. Let d be q(-5). Suppose -4*o + 8 = -d. Suppose 4*m = 2*m + 64. Calculate the greatest common factor of o and m.
4
Let k(w) = -w**3 + 9*w**2 + 2*w - 13. Let b be k(9). Suppose -5*n - 100 = -6*n + 4*l, 0 = 4*n + b*l - 337. What is the highest common divisor of n and 11?
11
Let p be -4*(4 + 15/(-2)). Let w(u) = -14*u**3 - u**2 - u. Let k be w(-1). What is the highest common divisor of p and k?
14
Let x = -33 - -55. Calculate the greatest common factor of 220 and x.
22
Suppose -3*l + 144 - 17 = -o, 4*l - o = 171. Let i(a) = -a**3 - 2*a**2 + 2*a + 1. Let k be i(-3). What is the highest common factor of l and k?
4
Suppose x + 2*s = 6*x + 129, 0 = -5*x + 3*s - 126. Let c be x/(-18)*44/6. What is the greatest common factor of c and 1?
1
Suppose 30 + 44 = -2*i + 4*t, -5*i + 2*t = 177. Let a be (-410)/i + (-4)/(-14). Calculate the highest common factor of 12 and a.
12
Let k = -32 + 49. What is the highest common factor of 17 and k?
17
Let m(g) = -3*g - 2 + 2 + 2*g**2 + 0. Let h = -1 + 3. Let j be m(h). What is the highest common divisor of 6 and j?
2
Let q be (-4)/5*75/(-2). What is the highest common factor of q and 18?
6
Suppose m - 22 = -m. Let n = 192 - 71. Calculate the greatest common factor of n and m.
11
Let l = 251 + -154. Let y = 39 + l. What is the highest common divisor of y and 17?
17
Let i be (1 + 0)*140*1. Let k be ((-2)/18)/((-27)/81)*60. Calculate the highest common factor of i and k.
20
Let a = -20 - -45. What is the highest common factor of 75 and a?
25
Suppose g - 1 - 7 = 0. Calculate the highest common factor of 12 and g.
4
Let u = 81 + -48. Suppose 5*n - 14 = a, 0 = 4*n + n + 3*a + 2. Let g be n - (-3)/(0 - -3). Calculate the greatest common divisor of g and u.
3
Let i = 21 + -18. Calculate the highest common divisor of 2 and i.
1
Suppose 4*a + 0*k - 55 = 5*k, 0 = 4*a - k - 43. Let w be ((-3)/6)/((-1)/a). Suppose -w*c = -0*c - 400. What is the highest common divisor of c and 20?
20
Suppose -25 = -5*w - 5. Suppose -4*i + 181 = 37. Calculate the greatest common factor of w and i.
4
Let a be 1 - -55 - (-7 - -7). What is the highest common divisor of a and 14?
14
Suppose -5*i = 5*m - 190, 3*m - i - 111 = -5. What is the highest common divisor of m and 24?
12
Let u(d) = 111*d**2 - 1. Suppose -3*b + 1 = -4*b. Let a be u(b). Let f be 460/45 - 6/27. Calculate the greatest common factor of a and f.
10
Let z be 0 - (1 + -983 + 0). Suppose -5*f - 282 = -z. Let r = 6 + 8. What is the greatest common factor of r and f?
14
Let w(l) = 2*l - 11. Let x(y) = -2*y + 11. Let a(r) = 4*w(r) + 3*x(r). Let j be a(8). Calculate the highest common factor of 10 and j.
5
Let s(w) = w**3 + 8*w**2 + 7*w + 3. Let h be s(-7). Let v be ((-18)/5)/(h/(-10)). What is the highest common divisor of 24 and v?
12
Let q(l) = 60*l - 2. Let t be q(2). Let g = t + -77. Suppose 2*w = -h - g + 141, -h = -w - 97. Calculate the highest common divisor of 14 and h.
14
Let t = -16 + 28. Let l = 82 - 22. Calculate the highest common divisor of t and l.
12
Let p(j) = -j**3 - 15*j**2 + j + 20. Let n be p(-15). What is the greatest common divisor of n and 20?
5
Suppose 3*a = 4*a - 4. Suppose a*g + 13 = -m + 6*m, 0 = -g - 2. Let x(d) = 46*d**3 - d**2 - d + 1. Let z be x(m). Wh